{"id":873,"date":"2013-08-02T10:12:51","date_gmt":"2013-08-02T08:12:51","guid":{"rendered":"http:\/\/www.ystadjazz.se.preview.crystone.se\/Bildbank\/wp-content\/uploads\/2013\/08\/18.jpg"},"modified":"2013-08-02T10:12:51","modified_gmt":"2013-08-02T08:12:51","slug":"1-22","status":"inherit","type":"attachment","link":"https:\/\/bildbank.ystadjazz.se\/?attachment_id=873","title":{"rendered":"1"},"author":1,"featured_media":0,"comment_status":"open","ping_status":"open","template":"","meta":{"_links_to":"","_links_to_target":""},"class_list":["post-873","attachment","type-attachment","status-inherit","hentry"],"description":{"rendered":"<p class=\"attachment\"><a href='https:\/\/bildbank.ystadjazz.se\/wp-content\/uploads\/2013\/08\/18.jpg'><img loading=\"lazy\" decoding=\"async\" width=\"300\" height=\"200\" src=\"https:\/\/bildbank.ystadjazz.se\/wp-content\/uploads\/2013\/08\/18-300x200.jpg\" class=\"attachment-medium size-medium\" alt=\"\" srcset=\"https:\/\/bildbank.ystadjazz.se\/wp-content\/uploads\/2013\/08\/18-300x200.jpg 300w, https:\/\/bildbank.ystadjazz.se\/wp-content\/uploads\/2013\/08\/18-1024x682.jpg 1024w, https:\/\/bildbank.ystadjazz.se\/wp-content\/uploads\/2013\/08\/18-1536x1024.jpg 1536w, https:\/\/bildbank.ystadjazz.se\/wp-content\/uploads\/2013\/08\/18-2048x1365.jpg 2048w\" sizes=\"auto, (max-width: 300px) 100vw, 300px\" \/><\/a><\/p>\n"},"caption":{"rendered":"<p>Henning Mankell utses till ambassad\u00f6r f\u00f6r YSJF 2013 i s\u00e4llskap av Thomas Lantz &#038; Hugh Masekela<\/p>\n"},"alt_text":"","media_type":"image","mime_type":"image\/jpeg","media_details":{"width":5184,"height":3456,"file":"2013\/08\/18.jpg","sizes":{"thumbnail":{"file":"18-150x150.jpg","width":150,"height":150,"ewww_image_optimizer":"Reducerad med 7.6% (661,0&nbsp;B)","mime_type":"image\/jpeg","source_url":"https:\/\/bildbank.ystadjazz.se\/wp-content\/uploads\/2013\/08\/18-150x150.jpg"},"medium":{"file":"18-300x200.jpg","width":300,"height":200,"ewww_image_optimizer":"Reducerad med 7.5% (1,4&nbsp;kB)","mime_type":"image\/jpeg","source_url":"https:\/\/bildbank.ystadjazz.se\/wp-content\/uploads\/2013\/08\/18-300x200.jpg"},"large":{"file":"18-1024x682.jpg","width":1024,"height":682,"ewww_image_optimizer":"Reducerad med 5.6% (7,0&nbsp;kB)","mime_type":"image\/jpeg","source_url":"https:\/\/bildbank.ystadjazz.se\/wp-content\/uploads\/2013\/08\/18-1024x682.jpg"},"wptouch-new-thumbnail":{"file":"18-144x144.jpg","width":144,"height":144,"mime_type":"image\/jpeg","source_url":"https:\/\/bildbank.ystadjazz.se\/wp-content\/uploads\/2013\/08\/18-144x144.jpg"},"1536x1536":{"file":"18-1536x1024.jpg","width":1536,"height":1024,"mime_type":"image\/jpeg","source_url":"https:\/\/bildbank.ystadjazz.se\/wp-content\/uploads\/2013\/08\/18-1536x1024.jpg"},"2048x2048":{"file":"18-2048x1365.jpg","width":2048,"height":1365,"mime_type":"image\/jpeg","source_url":"https:\/\/bildbank.ystadjazz.se\/wp-content\/uploads\/2013\/08\/18-2048x1365.jpg"},"full":{"file":"18.jpg","width":5184,"height":3456,"mime_type":"image\/jpeg","source_url":"https:\/\/bildbank.ystadjazz.se\/wp-content\/uploads\/2013\/08\/18.jpg"}},"image_meta":{"aperture":2.8,"credit":"","camera":"Canon EOS 550D","caption":"","created_timestamp":1375399911,"copyright":"","focal_length":"26","iso":"1600","shutter_speed":"0.016666666666667","title":""},"ewww_image_optimizer":"Reducerad med 10.5% (961,8&nbsp;kB)"},"post":793,"source_url":"https:\/\/bildbank.ystadjazz.se\/wp-content\/uploads\/2013\/08\/18.jpg","filename":"18.jpg","filesize":8365396,"_links":{"self":[{"href":"https:\/\/bildbank.ystadjazz.se\/index.php?rest_route=\/wp\/v2\/media\/873","targetHints":{"allow":["GET"]}}],"collection":[{"href":"https:\/\/bildbank.ystadjazz.se\/index.php?rest_route=\/wp\/v2\/media"}],"about":[{"href":"https:\/\/bildbank.ystadjazz.se\/index.php?rest_route=\/wp\/v2\/types\/attachment"}],"author":[{"embeddable":true,"href":"https:\/\/bildbank.ystadjazz.se\/index.php?rest_route=\/wp\/v2\/users\/1"}],"replies":[{"embeddable":true,"href":"https:\/\/bildbank.ystadjazz.se\/index.php?rest_route=%2Fwp%2Fv2%2Fcomments&post=873"}],"wp:attached-to":[{"embeddable":true,"post_type":"post","id":793,"href":"https:\/\/bildbank.ystadjazz.se\/index.php?rest_route=\/wp\/v2\/posts\/793"}],"curies":[{"name":"wp","href":"https:\/\/api.w.org\/{rel}","templated":true}]}}

<p>Henning Mankell utses till ambassadör för YSJF 2013 i sällskap av Thomas Lantz &#038; Hugh Masekela</p>
