{"id":4153,"date":"2019-08-06T13:16:25","date_gmt":"2019-08-06T11:16:25","guid":{"rendered":"http:\/\/bildbank.ystadjazz.se\/wp-content\/uploads\/2019\/07\/YSJF2019_Varah\u00e4r_02_Susanna-F\u00e4gersten.jpg"},"modified":"2019-08-06T13:19:04","modified_gmt":"2019-08-06T11:19:04","slug":"ysjf2019_varahar_02_susanna-fagersten","status":"inherit","type":"attachment","link":"https:\/\/bildbank.ystadjazz.se\/?attachment_id=4153","title":{"rendered":"YSJF2019_Varah\u00e4r_02_Susanna-F\u00e4gersten"},"author":1,"featured_media":0,"comment_status":"closed","ping_status":"closed","template":"","meta":{"_links_to":"","_links_to_target":""},"class_list":["post-4153","attachment","type-attachment","status-inherit","hentry"],"description":{"rendered":"<p class=\"attachment\"><a href='https:\/\/bildbank.ystadjazz.se\/wp-content\/uploads\/2019\/07\/YSJF2019_Varah\u00e4r_02_Susanna-F\u00e4gersten.jpg'><img loading=\"lazy\" decoding=\"async\" width=\"300\" height=\"200\" src=\"https:\/\/bildbank.ystadjazz.se\/wp-content\/uploads\/2019\/07\/YSJF2019_Varah\u00e4r_02_Susanna-F\u00e4gersten-300x200.jpg\" class=\"attachment-medium size-medium\" alt=\"\" srcset=\"https:\/\/bildbank.ystadjazz.se\/wp-content\/uploads\/2019\/07\/YSJF2019_Varah\u00e4r_02_Susanna-F\u00e4gersten-300x200.jpg 300w, https:\/\/bildbank.ystadjazz.se\/wp-content\/uploads\/2019\/07\/YSJF2019_Varah\u00e4r_02_Susanna-F\u00e4gersten-1024x683.jpg 1024w, https:\/\/bildbank.ystadjazz.se\/wp-content\/uploads\/2019\/07\/YSJF2019_Varah\u00e4r_02_Susanna-F\u00e4gersten-1536x1024.jpg 1536w, https:\/\/bildbank.ystadjazz.se\/wp-content\/uploads\/2019\/07\/YSJF2019_Varah\u00e4r_02_Susanna-F\u00e4gersten-2048x1366.jpg 2048w\" sizes=\"auto, (max-width: 300px) 100vw, 300px\" \/><\/a><\/p>\n"},"caption":{"rendered":"<p>YSJF2019 JazzKidz &#8221;Vara h\u00e4r&#8221; Photo: Susanna F\u00e4gersten<\/p>\n"},"alt_text":"","media_type":"image","mime_type":"image\/jpeg","media_details":{"width":2755,"height":1837,"file":"2019\/07\/YSJF2019_Varah\u00e4r_02_Susanna-F\u00e4gersten.jpg","sizes":{"thumbnail":{"file":"YSJF2019_Varah\u00e4r_02_Susanna-F\u00e4gersten-150x150.jpg","width":150,"height":150,"mime_type":"image\/jpeg","source_url":"https:\/\/bildbank.ystadjazz.se\/wp-content\/uploads\/2019\/07\/YSJF2019_Varah\u00e4r_02_Susanna-F\u00e4gersten-150x150.jpg"},"medium":{"file":"YSJF2019_Varah\u00e4r_02_Susanna-F\u00e4gersten-300x200.jpg","width":300,"height":200,"mime_type":"image\/jpeg","source_url":"https:\/\/bildbank.ystadjazz.se\/wp-content\/uploads\/2019\/07\/YSJF2019_Varah\u00e4r_02_Susanna-F\u00e4gersten-300x200.jpg"},"large":{"file":"YSJF2019_Varah\u00e4r_02_Susanna-F\u00e4gersten-1024x683.jpg","width":1024,"height":683,"mime_type":"image\/jpeg","source_url":"https:\/\/bildbank.ystadjazz.se\/wp-content\/uploads\/2019\/07\/YSJF2019_Varah\u00e4r_02_Susanna-F\u00e4gersten-1024x683.jpg"},"wptouch-new-thumbnail":{"file":"YSJF2019_Varah\u00e4r_02_Susanna-F\u00e4gersten-144x144.jpg","width":144,"height":144,"mime_type":"image\/jpeg","source_url":"https:\/\/bildbank.ystadjazz.se\/wp-content\/uploads\/2019\/07\/YSJF2019_Varah\u00e4r_02_Susanna-F\u00e4gersten-144x144.jpg"},"1536x1536":{"file":"YSJF2019_Varah\u00e4r_02_Susanna-F\u00e4gersten-1536x1024.jpg","width":1536,"height":1024,"mime_type":"image\/jpeg","source_url":"https:\/\/bildbank.ystadjazz.se\/wp-content\/uploads\/2019\/07\/YSJF2019_Varah\u00e4r_02_Susanna-F\u00e4gersten-1536x1024.jpg"},"2048x2048":{"file":"YSJF2019_Varah\u00e4r_02_Susanna-F\u00e4gersten-2048x1366.jpg","width":2048,"height":1366,"mime_type":"image\/jpeg","source_url":"https:\/\/bildbank.ystadjazz.se\/wp-content\/uploads\/2019\/07\/YSJF2019_Varah\u00e4r_02_Susanna-F\u00e4gersten-2048x1366.jpg"},"full":{"file":"YSJF2019_Varah\u00e4r_02_Susanna-F\u00e4gersten.jpg","width":2755,"height":1837,"mime_type":"image\/jpeg","source_url":"https:\/\/bildbank.ystadjazz.se\/wp-content\/uploads\/2019\/07\/YSJF2019_Varah\u00e4r_02_Susanna-F\u00e4gersten.jpg"}},"image_meta":{"aperture":"6.3","credit":"","camera":"Canon EOS 550D","caption":"","created_timestamp":"1564673266","copyright":"","focal_length":"47","iso":"200","shutter_speed":"0.0025","title":"","orientation":"0","keywords":[]}},"post":3729,"source_url":"https:\/\/bildbank.ystadjazz.se\/wp-content\/uploads\/2019\/07\/YSJF2019_Varah\u00e4r_02_Susanna-F\u00e4gersten.jpg","filename":"YSJF2019_Varah\u00e4r_02_Susanna-F\u00e4gersten.jpg","filesize":1390628,"_links":{"self":[{"href":"https:\/\/bildbank.ystadjazz.se\/index.php?rest_route=\/wp\/v2\/media\/4153","targetHints":{"allow":["GET"]}}],"collection":[{"href":"https:\/\/bildbank.ystadjazz.se\/index.php?rest_route=\/wp\/v2\/media"}],"about":[{"href":"https:\/\/bildbank.ystadjazz.se\/index.php?rest_route=\/wp\/v2\/types\/attachment"}],"author":[{"embeddable":true,"href":"https:\/\/bildbank.ystadjazz.se\/index.php?rest_route=\/wp\/v2\/users\/1"}],"replies":[{"embeddable":true,"href":"https:\/\/bildbank.ystadjazz.se\/index.php?rest_route=%2Fwp%2Fv2%2Fcomments&post=4153"}],"wp:attached-to":[{"embeddable":true,"post_type":"post","id":3729,"href":"https:\/\/bildbank.ystadjazz.se\/index.php?rest_route=\/wp\/v2\/posts\/3729"}],"curies":[{"name":"wp","href":"https:\/\/api.w.org\/{rel}","templated":true}]}}

http://bildbank.ystadjazz.se/wp-content/uploads/2019/07/YSJF2019_Varahär_02_Susanna-Fägersten.jpg

YSJF2019_Varahär_02_Susanna-Fägersten

<p class="attachment"><a href='https://bildbank.ystadjazz.se/wp-content/uploads/2019/07/YSJF2019_Varahär_02_Susanna-Fägersten.jpg'><img loading="lazy" decoding="async" width="300" height="200" src="https://bildbank.ystadjazz.se/wp-content/uploads/2019/07/YSJF2019_Varahär_02_Susanna-Fägersten-300x200.jpg" class="attachment-medium size-medium" alt="" srcset="https://bildbank.ystadjazz.se/wp-content/uploads/2019/07/YSJF2019_Varahär_02_Susanna-Fägersten-300x200.jpg 300w, https://bildbank.ystadjazz.se/wp-content/uploads/2019/07/YSJF2019_Varahär_02_Susanna-Fägersten-1024x683.jpg 1024w, https://bildbank.ystadjazz.se/wp-content/uploads/2019/07/YSJF2019_Varahär_02_Susanna-Fägersten-1536x1024.jpg 1536w, https://bildbank.ystadjazz.se/wp-content/uploads/2019/07/YSJF2019_Varahär_02_Susanna-Fägersten-2048x1366.jpg 2048w" sizes="auto, (max-width: 300px) 100vw, 300px" /></a></p>

<p>YSJF2019 JazzKidz &#8221;Vara här&#8221; Photo: Susanna Fägersten</p>

2019/07/YSJF2019_Varahär_02_Susanna-Fägersten.jpg

YSJF2019_Varahär_02_Susanna-Fägersten-150x150.jpg

https://bildbank.ystadjazz.se/wp-content/uploads/2019/07/YSJF2019_Varahär_02_Susanna-Fägersten-150x150.jpg

YSJF2019_Varahär_02_Susanna-Fägersten-300x200.jpg

https://bildbank.ystadjazz.se/wp-content/uploads/2019/07/YSJF2019_Varahär_02_Susanna-Fägersten-300x200.jpg

YSJF2019_Varahär_02_Susanna-Fägersten-1024x683.jpg

https://bildbank.ystadjazz.se/wp-content/uploads/2019/07/YSJF2019_Varahär_02_Susanna-Fägersten-1024x683.jpg

YSJF2019_Varahär_02_Susanna-Fägersten-144x144.jpg

https://bildbank.ystadjazz.se/wp-content/uploads/2019/07/YSJF2019_Varahär_02_Susanna-Fägersten-144x144.jpg

YSJF2019_Varahär_02_Susanna-Fägersten-1536x1024.jpg

https://bildbank.ystadjazz.se/wp-content/uploads/2019/07/YSJF2019_Varahär_02_Susanna-Fägersten-1536x1024.jpg

YSJF2019_Varahär_02_Susanna-Fägersten-2048x1366.jpg

https://bildbank.ystadjazz.se/wp-content/uploads/2019/07/YSJF2019_Varahär_02_Susanna-Fägersten-2048x1366.jpg

YSJF2019_Varahär_02_Susanna-Fägersten.jpg

https://bildbank.ystadjazz.se/wp-content/uploads/2019/07/YSJF2019_Varahär_02_Susanna-Fägersten.jpg
