{"id":1335,"date":"2014-08-03T11:41:10","date_gmt":"2014-08-03T09:41:10","guid":{"rendered":"http:\/\/www.ystadjazz.se.preview.crystone.se\/Bildbank\/wp-content\/uploads\/2014\/07\/5859.jpg"},"modified":"2014-08-03T11:41:10","modified_gmt":"2014-08-03T09:41:10","slug":"5859","status":"inherit","type":"attachment","link":"https:\/\/bildbank.ystadjazz.se\/?attachment_id=1335","title":{"rendered":"5859"},"author":1,"featured_media":0,"comment_status":"closed","ping_status":"closed","template":"","meta":{"_links_to":"","_links_to_target":""},"class_list":["post-1335","attachment","type-attachment","status-inherit","hentry"],"description":{"rendered":"<p class=\"attachment\"><a href='https:\/\/bildbank.ystadjazz.se\/wp-content\/uploads\/2014\/07\/5859.jpg'><img loading=\"lazy\" decoding=\"async\" width=\"300\" height=\"220\" src=\"https:\/\/bildbank.ystadjazz.se\/wp-content\/uploads\/2014\/07\/5859-300x220.jpg\" class=\"attachment-medium size-medium\" alt=\"\" srcset=\"https:\/\/bildbank.ystadjazz.se\/wp-content\/uploads\/2014\/07\/5859-300x220.jpg 300w, https:\/\/bildbank.ystadjazz.se\/wp-content\/uploads\/2014\/07\/5859-1024x753.jpg 1024w, https:\/\/bildbank.ystadjazz.se\/wp-content\/uploads\/2014\/07\/5859-1536x1130.jpg 1536w, https:\/\/bildbank.ystadjazz.se\/wp-content\/uploads\/2014\/07\/5859.jpg 1605w\" sizes=\"auto, (max-width: 300px) 100vw, 300px\" \/><\/a><\/p>\n"},"caption":{"rendered":"<p>Jan Lundgren invites Gr\u00e9goire Maret, Jesper Lundgaard, Alex Riel Photo: Lars Gr\u00f6nwall<\/p>\n"},"alt_text":"","media_type":"image","mime_type":"image\/jpeg","media_details":{"width":1605,"height":1181,"file":"2014\/07\/5859.jpg","sizes":{"thumbnail":{"file":"5859-150x150.jpg","width":150,"height":150,"ewww_image_optimizer":"<em>jpegtran<\/em> saknas","mime_type":"image\/jpeg","source_url":"https:\/\/bildbank.ystadjazz.se\/wp-content\/uploads\/2014\/07\/5859-150x150.jpg"},"medium":{"file":"5859-300x220.jpg","width":300,"height":220,"ewww_image_optimizer":"<em>jpegtran<\/em> saknas","mime_type":"image\/jpeg","source_url":"https:\/\/bildbank.ystadjazz.se\/wp-content\/uploads\/2014\/07\/5859-300x220.jpg"},"large":{"file":"5859-1024x753.jpg","width":1024,"height":753,"ewww_image_optimizer":"<em>jpegtran<\/em> saknas","mime_type":"image\/jpeg","source_url":"https:\/\/bildbank.ystadjazz.se\/wp-content\/uploads\/2014\/07\/5859-1024x753.jpg"},"wptouch-new-thumbnail":{"file":"5859-144x144.jpg","width":144,"height":144,"mime_type":"image\/jpeg","source_url":"https:\/\/bildbank.ystadjazz.se\/wp-content\/uploads\/2014\/07\/5859-144x144.jpg"},"1536x1536":{"file":"5859-1536x1130.jpg","width":1536,"height":1130,"mime_type":"image\/jpeg","source_url":"https:\/\/bildbank.ystadjazz.se\/wp-content\/uploads\/2014\/07\/5859-1536x1130.jpg"},"2048x2048":{"file":"5859-1605x1181.jpg","width":1605,"height":1181,"mime_type":"image\/jpeg","source_url":"https:\/\/bildbank.ystadjazz.se\/wp-content\/uploads\/2014\/07\/5859-1605x1181.jpg"},"full":{"file":"5859.jpg","width":1605,"height":1181,"mime_type":"image\/jpeg","source_url":"https:\/\/bildbank.ystadjazz.se\/wp-content\/uploads\/2014\/07\/5859.jpg"}},"image_meta":{"aperture":1.4,"credit":"Lars Gr\u00f6nwall","camera":"NIKON D3","caption":"","created_timestamp":1407014388,"copyright":"Copyright \u00a9 Lars Gr\u00f6nwall, All Rights Reserved. Detta f\u00e4lt f\u00e5r inte \u00e4ndras eller raderas enligt 6 kap enligt lag (1960:729)","focal_length":"50","iso":"200","shutter_speed":"0.02","title":""},"ewww_image_optimizer":"<em>jpegtran<\/em> saknas"},"post":1103,"source_url":"https:\/\/bildbank.ystadjazz.se\/wp-content\/uploads\/2014\/07\/5859.jpg","filename":"5859.jpg","filesize":1122871,"_links":{"self":[{"href":"https:\/\/bildbank.ystadjazz.se\/index.php?rest_route=\/wp\/v2\/media\/1335","targetHints":{"allow":["GET"]}}],"collection":[{"href":"https:\/\/bildbank.ystadjazz.se\/index.php?rest_route=\/wp\/v2\/media"}],"about":[{"href":"https:\/\/bildbank.ystadjazz.se\/index.php?rest_route=\/wp\/v2\/types\/attachment"}],"author":[{"embeddable":true,"href":"https:\/\/bildbank.ystadjazz.se\/index.php?rest_route=\/wp\/v2\/users\/1"}],"replies":[{"embeddable":true,"href":"https:\/\/bildbank.ystadjazz.se\/index.php?rest_route=%2Fwp%2Fv2%2Fcomments&post=1335"}],"wp:attached-to":[{"embeddable":true,"post_type":"post","id":1103,"href":"https:\/\/bildbank.ystadjazz.se\/index.php?rest_route=\/wp\/v2\/posts\/1103"}],"curies":[{"name":"wp","href":"https:\/\/api.w.org\/{rel}","templated":true}]}}

<p>Jan Lundgren invites Grégoire Maret, Jesper Lundgaard, Alex Riel Photo: Lars Grönwall</p>

Lars Grönwall

Copyright © Lars Grönwall, All Rights Reserved. Detta fält får inte ändras eller raderas enligt 6 kap enligt lag (1960:729)
